{"id":523,"date":"2023-11-21T18:01:17","date_gmt":"2023-11-21T17:01:17","guid":{"rendered":"https:\/\/serradifiumorbu.corsica\/?page_id=523"},"modified":"2024-02-27T11:56:53","modified_gmt":"2024-02-27T10:56:53","slug":"vie-associative","status":"publish","type":"page","link":"https:\/\/serradifiumorbu.corsica\/co\/vie-associative\/","title":{"rendered":"Vita assuciativa"},"content":{"rendered":"<div data-elementor-type=\"wp-page\" data-elementor-id=\"523\" class=\"elementor elementor-523\" data-elementor-post-type=\"page\">\n\t\t\t\t<div class=\"elementor-element elementor-element-17264cb3 e-flex e-con-boxed e-con e-parent\" data-id=\"17264cb3\" data-element_type=\"container\" data-e-type=\"container\">\n\t\t\t\t\t<div class=\"e-con-inner\">\n\t\t\t\t<div class=\"elementor-element elementor-element-7f293b26 elementor-widget elementor-widget-text-editor\" data-id=\"7f293b26\" data-element_type=\"widget\" data-e-type=\"widget\" data-widget_type=\"text-editor.default\">\n\t\t\t\t<div class=\"elementor-widget-container\">\n\t\t\t\t\t\t\t\t\t<p>Le tissu associatif a \u00e9t\u00e9 fragilis\u00e9 par les ann\u00e9es COVID, aujourd&rsquo;hui il rena\u00eet peu \u00e0 peu de ses cendres. Nous serons aux c\u00f4t\u00e9s des associations qui sont sur le terrain toute l&rsquo;ann\u00e9e et qui oeuvrent b\u00e9n\u00e9volement pour le bien de toutes et de tous.<\/p><p><strong>La vie associative reste un des meilleurs remparts pour d\u00e9fendre, voire conforter cette n\u00e9cessit\u00e9 de coh\u00e9sion sociale<\/strong>.Elles sont garantes du lien social mais aussi de la tradition et de la m\u00e9moire populaire.<\/p><p><strong>Asprivu<\/strong> : Association<strong> les petits f\u00e9lins de Corse<\/strong> : O<span class=\"h3\">bjet : <\/span>aide et assistance aux animaux errants ou abandonn\u00e9s plus particuli\u00e8rement les chats. Depuis deux ans que nous sommes partenaires de l&rsquo;association, de nombreux chats ont \u00e9t\u00e9 st\u00e9rilis\u00e9s sur Ornasu et Ania.<\/p><p><strong>Acqua Acitosa :<\/strong> Association <strong>u Stillone<\/strong> : <span class=\"h3\">Objet : <\/span>entreprendre toute les d\u00e9marches favorisant les rencontres culturelles et sportives organiser des f\u00eates pour promouvoir la source d&rsquo;eau f\u00e9rrugineuse d&rsquo;Acqua Citosa. F\u00eate de la St Jean, soir\u00e9es culturelles, repas&#8230;<br \/>\u00a0 \u00a0 \u00a0 \u00a0 \u00a0 \u00a0 \u00a0 \u00a0 \u00a0 \u00a0 \u00a0 \u00a0 \u00a0 \u00a0 \u00a0 \u00a0Association <strong>Fior di Spina<\/strong> : Gym pour adulte et s\u00e9niors, yoga et marche Nordique. Plusieurs interventions par semaine \u00e0 la salle des f\u00eates d&rsquo;Acqua Acitosa pour le plus grand bonheur de nos anciens.<\/p><p>\u00a0 \u00a0 \u00a0 \u00a0 \u00a0 \u00a0 \u00a0 \u00a0 \u00a0 \u00a0 \u00a0 \u00a0 \u00a0 \u00a0 \u00a0 \u00a0Association <strong>Luci<\/strong> :pour aider les personnes malvoyantes dans leur vie quotidienne : d\u00e9marches administratives, lien avec le milieu m\u00e9dical, vulgarisation des progr\u00e8s techniques. Gr\u00e2ce aux \u00e9v\u00e9nements qu\u2019elle organise &#8211; marche pour la vue, repas solidaires, animations -, elle effectue aussi des dons r\u00e9guliers pour la recherche.<\/p><p><strong>Ornasu :<\/strong> Comit\u00e9 des f\u00eates<strong> San Lorenzu<\/strong>: <span class=\"h3\">Objet : <\/span>f\u00eate patronale de Serra-Di-Fiumorbo qui a lieu le 10\u00a0ao\u00fbt lors de la Saint-Laurent.<\/p><p><strong>Ania :<\/strong>\u00a0 \u00a0 Association<strong> Ghjuvent\u00f9 Aniaccia<\/strong> :<span class=\"h3\">Objet : <\/span>s\u2019occuper des festivit\u00e9s du village d\u2019Ania dont la f\u00eate patronale du 22 aout.<\/p><p><strong>A Furmicula : <\/strong>Randonn\u00e9es, courses de montagne. Organisation du Trail de l&rsquo;undella au mois de juillet.<br \/>Lieu de pratique\u00a0: Massifs du Fium\u2019Orbu<\/p>\t\t\t\t\t\t\t\t<\/div>\n\t\t\t\t<\/div>\n\t\t\t\t\t<\/div>\n\t\t\t\t<\/div>\n\t\t<div class=\"elementor-element elementor-element-7c3d554 e-flex e-con-boxed e-con e-parent\" data-id=\"7c3d554\" data-element_type=\"container\" data-e-type=\"container\">\n\t\t\t\t\t<div class=\"e-con-inner\">\n\t\t<div class=\"elementor-element elementor-element-0025de8 e-con-full e-flex e-con e-child\" data-id=\"0025de8\" data-element_type=\"container\" data-e-type=\"container\">\n\t\t\t\t<div class=\"elementor-element elementor-element-31dc8b2 elementor-widget elementor-widget-image\" data-id=\"31dc8b2\" data-element_type=\"widget\" data-e-type=\"widget\" data-widget_type=\"image.default\">\n\t\t\t\t<div class=\"elementor-widget-container\">\n\t\t\t\t\t\t\t\t\t\t\t\t<figure class=\"wp-caption\">\n\t\t\t\t\t\t\t\t\t\t<img fetchpriority=\"high\" decoding=\"async\" width=\"1024\" height=\"768\" src=\"https:\/\/serradifiumorbu.corsica\/wp-content\/uploads\/2024\/02\/IMG_8275-1024x768.jpeg\" class=\"attachment-large size-large wp-image-2194\" alt=\"\" srcset=\"https:\/\/serradifiumorbu.corsica\/wp-content\/uploads\/2024\/02\/IMG_8275-980x735.jpeg 980w, https:\/\/serradifiumorbu.corsica\/wp-content\/uploads\/2024\/02\/IMG_8275-480x360.jpeg 480w\" sizes=\"(min-width: 0px) and (max-width: 480px) 480px, (min-width: 481px) and (max-width: 980px) 980px, (min-width: 981px) 1024px, 100vw\" \/>\t\t\t\t\t\t\t\t\t\t\t<figcaption class=\"widget-image-caption wp-caption-text\">Journ\u00e9e au profit de l'association Luci organis\u00e9e par l'association u Stilone d'Acqua Acitosa. una magnifica pulenda<\/figcaption>\n\t\t\t\t\t\t\t\t\t\t<\/figure>\n\t\t\t\t\t\t\t\t\t<\/div>\n\t\t\t\t<\/div>\n\t\t\t\t<\/div>\n\t\t<div class=\"elementor-element elementor-element-28e8a8e e-con-full e-flex e-con e-child\" data-id=\"28e8a8e\" data-element_type=\"container\" data-e-type=\"container\">\n\t\t\t\t<div class=\"elementor-element elementor-element-3d88ae2 elementor-widget elementor-widget-image\" data-id=\"3d88ae2\" data-element_type=\"widget\" data-e-type=\"widget\" data-widget_type=\"image.default\">\n\t\t\t\t<div class=\"elementor-widget-container\">\n\t\t\t\t\t\t\t\t\t\t\t\t<figure class=\"wp-caption\">\n\t\t\t\t\t\t\t\t\t\t<img decoding=\"async\" width=\"1024\" height=\"864\" src=\"https:\/\/serradifiumorbu.corsica\/wp-content\/uploads\/2024\/02\/IMG_8257-1024x864.jpeg\" class=\"attachment-large size-large wp-image-2195\" alt=\"\" srcset=\"https:\/\/serradifiumorbu.corsica\/wp-content\/uploads\/2024\/02\/IMG_8257-980x827.jpeg 980w, https:\/\/serradifiumorbu.corsica\/wp-content\/uploads\/2024\/02\/IMG_8257-480x405.jpeg 480w\" sizes=\"(min-width: 0px) and (max-width: 480px) 480px, (min-width: 481px) and (max-width: 980px) 980px, (min-width: 981px) 1024px, 100vw\" \/>\t\t\t\t\t\t\t\t\t\t\t<figcaption class=\"widget-image-caption wp-caption-text\">La farine et le savoir faire d'Auguste Jaeger, b\u00e9n\u00e9vole de l'association Luci<\/figcaption>\n\t\t\t\t\t\t\t\t\t\t<\/figure>\n\t\t\t\t\t\t\t\t\t<\/div>\n\t\t\t\t<\/div>\n\t\t\t\t<\/div>\n\t\t<div class=\"elementor-element elementor-element-693901a e-con-full e-flex e-con e-child\" data-id=\"693901a\" data-element_type=\"container\" data-e-type=\"container\">\n\t\t\t\t<div class=\"elementor-element elementor-element-41d731f elementor-widget elementor-widget-image\" data-id=\"41d731f\" data-element_type=\"widget\" data-e-type=\"widget\" data-widget_type=\"image.default\">\n\t\t\t\t<div class=\"elementor-widget-container\">\n\t\t\t\t\t\t\t\t\t\t\t\t<figure class=\"wp-caption\">\n\t\t\t\t\t\t\t\t\t\t<img decoding=\"async\" width=\"768\" height=\"1024\" src=\"https:\/\/serradifiumorbu.corsica\/wp-content\/uploads\/2024\/02\/IMG_8242-768x1024.jpeg\" class=\"attachment-large size-large wp-image-2196\" alt=\"\" \/>\t\t\t\t\t\t\t\t\t\t\t<figcaption class=\"widget-image-caption wp-caption-text\">L'association u Stilone aux manettes, Louis appronta u Figatellu<\/figcaption>\n\t\t\t\t\t\t\t\t\t\t<\/figure>\n\t\t\t\t\t\t\t\t\t<\/div>\n\t\t\t\t<\/div>\n\t\t\t\t<\/div>\n\t\t<div class=\"elementor-element elementor-element-bdcfee1 e-con-full e-flex e-con e-child\" data-id=\"bdcfee1\" data-element_type=\"container\" data-e-type=\"container\">\n\t\t\t\t<div class=\"elementor-element elementor-element-35d07f4 elementor-widget elementor-widget-image\" data-id=\"35d07f4\" data-element_type=\"widget\" data-e-type=\"widget\" data-widget_type=\"image.default\">\n\t\t\t\t<div class=\"elementor-widget-container\">\n\t\t\t\t\t\t\t\t\t\t\t\t<figure class=\"wp-caption\">\n\t\t\t\t\t\t\t\t\t\t<img loading=\"lazy\" decoding=\"async\" width=\"768\" height=\"1024\" src=\"https:\/\/serradifiumorbu.corsica\/wp-content\/uploads\/2024\/02\/IMG_8235-768x1024.jpeg\" class=\"attachment-large size-large wp-image-2197\" alt=\"\" \/>\t\t\t\t\t\t\t\t\t\t\t<figcaption class=\"widget-image-caption wp-caption-text\">84 repas servis : un ch\u00e8que de 1600 \u20ac remis \u00e0 l'association Luci<\/figcaption>\n\t\t\t\t\t\t\t\t\t\t<\/figure>\n\t\t\t\t\t\t\t\t\t<\/div>\n\t\t\t\t<\/div>\n\t\t\t\t<\/div>\n\t\t\t\t\t<\/div>\n\t\t\t\t<\/div>\n\t\t\t\t<\/div>","protected":false},"excerpt":{"rendered":"<p>Le tissu associatif a \u00e9t\u00e9 fragilis\u00e9 par les ann\u00e9es COVID, aujourd&rsquo;hui il rena\u00eet peu \u00e0 peu de ses cendres. Nous serons aux c\u00f4t\u00e9s des associations qui sont sur le terrain toute l&rsquo;ann\u00e9e et qui oeuvrent b\u00e9n\u00e9volement pour le bien de toutes et de tous. La vie associative reste un des meilleurs remparts pour d\u00e9fendre, voire [&hellip;]<\/p>\n","protected":false},"author":1,"featured_media":0,"parent":0,"menu_order":0,"comment_status":"closed","ping_status":"closed","template":"","meta":{"_et_pb_use_builder":"","_et_pb_old_content":"","_et_gb_content_width":"","footnotes":""},"class_list":["post-523","page","type-page","status-publish","hentry"],"_links":{"self":[{"href":"https:\/\/serradifiumorbu.corsica\/co\/wp-json\/wp\/v2\/pages\/523","targetHints":{"allow":["GET"]}}],"collection":[{"href":"https:\/\/serradifiumorbu.corsica\/co\/wp-json\/wp\/v2\/pages"}],"about":[{"href":"https:\/\/serradifiumorbu.corsica\/co\/wp-json\/wp\/v2\/types\/page"}],"author":[{"embeddable":true,"href":"https:\/\/serradifiumorbu.corsica\/co\/wp-json\/wp\/v2\/users\/1"}],"replies":[{"embeddable":true,"href":"https:\/\/serradifiumorbu.corsica\/co\/wp-json\/wp\/v2\/comments?post=523"}],"version-history":[{"count":34,"href":"https:\/\/serradifiumorbu.corsica\/co\/wp-json\/wp\/v2\/pages\/523\/revisions"}],"predecessor-version":[{"id":2233,"href":"https:\/\/serradifiumorbu.corsica\/co\/wp-json\/wp\/v2\/pages\/523\/revisions\/2233"}],"wp:attachment":[{"href":"https:\/\/serradifiumorbu.corsica\/co\/wp-json\/wp\/v2\/media?parent=523"}],"curies":[{"name":"wp","href":"https:\/\/api.w.org\/{rel}","templated":true}]}}

<div data-elementor-type="wp-page" data-elementor-id="523" class="elementor elementor-523" data-elementor-post-type="page">
				<div class="elementor-element elementor-element-17264cb3 e-flex e-con-boxed e-con e-parent" data-id="17264cb3" data-element_type="container" data-e-type="container">
					<div class="e-con-inner">
				<div class="elementor-element elementor-element-7f293b26 elementor-widget elementor-widget-text-editor" data-id="7f293b26" data-element_type="widget" data-e-type="widget" data-widget_type="text-editor.default">
				<div class="elementor-widget-container">
									<p>Le tissu associatif a été fragilisé par les années COVID, aujourd&rsquo;hui il renaît peu à peu de ses cendres. Nous serons aux côtés des associations qui sont sur le terrain toute l&rsquo;année et qui oeuvrent bénévolement pour le bien de toutes et de tous.</p><p><strong>La vie associative reste un des meilleurs remparts pour défendre, voire conforter cette nécessité de cohésion sociale</strong>.Elles sont garantes du lien social mais aussi de la tradition et de la mémoire populaire.</p><p><strong>Asprivu</strong> : Association<strong> les petits félins de Corse</strong> : O<span class="h3">bjet : </span>aide et assistance aux animaux errants ou abandonnés plus particulièrement les chats. Depuis deux ans que nous sommes partenaires de l&rsquo;association, de nombreux chats ont été stérilisés sur Ornasu et Ania.</p><p><strong>Acqua Acitosa :</strong> Association <strong>u Stillone</strong> : <span class="h3">Objet : </span>entreprendre toute les démarches favorisant les rencontres culturelles et sportives organiser des fêtes pour promouvoir la source d&rsquo;eau férrugineuse d&rsquo;Acqua Citosa. Fête de la St Jean, soirées culturelles, repas&#8230;<br />                               Association <strong>Fior di Spina</strong> : Gym pour adulte et séniors, yoga et marche Nordique. Plusieurs interventions par semaine à la salle des fêtes d&rsquo;Acqua Acitosa pour le plus grand bonheur de nos anciens.</p><p>                               Association <strong>Luci</strong> :pour aider les personnes malvoyantes dans leur vie quotidienne : démarches administratives, lien avec le milieu médical, vulgarisation des progrès techniques. Grâce aux événements qu’elle organise &#8211; marche pour la vue, repas solidaires, animations -, elle effectue aussi des dons réguliers pour la recherche.</p><p><strong>Ornasu :</strong> Comité des fêtes<strong> San Lorenzu</strong>: <span class="h3">Objet : </span>fête patronale de Serra-Di-Fiumorbo qui a lieu le 10 août lors de la Saint-Laurent.</p><p><strong>Ania :</strong>    Association<strong> Ghjuventù Aniaccia</strong> :<span class="h3">Objet : </span>s’occuper des festivités du village d’Ania dont la fête patronale du 22 aout.</p><p><strong>A Furmicula : </strong>Randonnées, courses de montagne. Organisation du Trail de l&rsquo;undella au mois de juillet.<br />Lieu de pratique : Massifs du Fium’Orbu</p>								</div>
				</div>
					</div>
				</div>
		<div class="elementor-element elementor-element-7c3d554 e-flex e-con-boxed e-con e-parent" data-id="7c3d554" data-element_type="container" data-e-type="container">
					<div class="e-con-inner">
		<div class="elementor-element elementor-element-0025de8 e-con-full e-flex e-con e-child" data-id="0025de8" data-element_type="container" data-e-type="container">
				<div class="elementor-element elementor-element-31dc8b2 elementor-widget elementor-widget-image" data-id="31dc8b2" data-element_type="widget" data-e-type="widget" data-widget_type="image.default">
				<div class="elementor-widget-container">
												<figure class="wp-caption">
										<img fetchpriority="high" decoding="async" width="1024" height="768" src="https://serradifiumorbu.corsica/wp-content/uploads/2024/02/IMG_8275-1024x768.jpeg" class="attachment-large size-large wp-image-2194" alt="" srcset="https://serradifiumorbu.corsica/wp-content/uploads/2024/02/IMG_8275-980x735.jpeg 980w, https://serradifiumorbu.corsica/wp-content/uploads/2024/02/IMG_8275-480x360.jpeg 480w" sizes="(min-width: 0px) and (max-width: 480px) 480px, (min-width: 481px) and (max-width: 980px) 980px, (min-width: 981px) 1024px, 100vw" />											<figcaption class="widget-image-caption wp-caption-text">Journée au profit de l'association Luci organisée par l'association u Stilone d'Acqua Acitosa. una magnifica pulenda</figcaption>
										</figure>
									</div>
				</div>
				</div>
		<div class="elementor-element elementor-element-28e8a8e e-con-full e-flex e-con e-child" data-id="28e8a8e" data-element_type="container" data-e-type="container">
				<div class="elementor-element elementor-element-3d88ae2 elementor-widget elementor-widget-image" data-id="3d88ae2" data-element_type="widget" data-e-type="widget" data-widget_type="image.default">
				<div class="elementor-widget-container">
												<figure class="wp-caption">
										<img decoding="async" width="1024" height="864" src="https://serradifiumorbu.corsica/wp-content/uploads/2024/02/IMG_8257-1024x864.jpeg" class="attachment-large size-large wp-image-2195" alt="" srcset="https://serradifiumorbu.corsica/wp-content/uploads/2024/02/IMG_8257-980x827.jpeg 980w, https://serradifiumorbu.corsica/wp-content/uploads/2024/02/IMG_8257-480x405.jpeg 480w" sizes="(min-width: 0px) and (max-width: 480px) 480px, (min-width: 481px) and (max-width: 980px) 980px, (min-width: 981px) 1024px, 100vw" />											<figcaption class="widget-image-caption wp-caption-text">La farine et le savoir faire d'Auguste Jaeger, bénévole de l'association Luci</figcaption>
										</figure>
									</div>
				</div>
				</div>
		<div class="elementor-element elementor-element-693901a e-con-full e-flex e-con e-child" data-id="693901a" data-element_type="container" data-e-type="container">
				<div class="elementor-element elementor-element-41d731f elementor-widget elementor-widget-image" data-id="41d731f" data-element_type="widget" data-e-type="widget" data-widget_type="image.default">
				<div class="elementor-widget-container">
												<figure class="wp-caption">
										<img decoding="async" width="768" height="1024" src="https://serradifiumorbu.corsica/wp-content/uploads/2024/02/IMG_8242-768x1024.jpeg" class="attachment-large size-large wp-image-2196" alt="" />											<figcaption class="widget-image-caption wp-caption-text">L'association u Stilone aux manettes, Louis appronta u Figatellu</figcaption>
										</figure>
									</div>
				</div>
				</div>
		<div class="elementor-element elementor-element-bdcfee1 e-con-full e-flex e-con e-child" data-id="bdcfee1" data-element_type="container" data-e-type="container">
				<div class="elementor-element elementor-element-35d07f4 elementor-widget elementor-widget-image" data-id="35d07f4" data-element_type="widget" data-e-type="widget" data-widget_type="image.default">
				<div class="elementor-widget-container">
												<figure class="wp-caption">
										<img loading="lazy" decoding="async" width="768" height="1024" src="https://serradifiumorbu.corsica/wp-content/uploads/2024/02/IMG_8235-768x1024.jpeg" class="attachment-large size-large wp-image-2197" alt="" />											<figcaption class="widget-image-caption wp-caption-text">84 repas servis : un chèque de 1600 € remis à l'association Luci</figcaption>
										</figure>
									</div>
				</div>
				</div>
					</div>
				</div>
				</div>

<p>Le tissu associatif a été fragilisé par les années COVID, aujourd&rsquo;hui il renaît peu à peu de ses cendres. Nous serons aux côtés des associations qui sont sur le terrain toute l&rsquo;année et qui oeuvrent bénévolement pour le bien de toutes et de tous. La vie associative reste un des meilleurs remparts pour défendre, voire [&hellip;]</p>
