{"id":101,"date":"2023-11-07T11:39:10","date_gmt":"2023-11-07T10:39:10","guid":{"rendered":"https:\/\/serradifiumorbu.corsica\/?page_id=101"},"modified":"2023-11-21T13:19:04","modified_gmt":"2023-11-21T12:19:04","slug":"mentions-legales","status":"publish","type":"page","link":"https:\/\/serradifiumorbu.corsica\/co\/mentions-legales\/","title":{"rendered":"Avvisu legale"},"content":{"rendered":"<div data-elementor-type=\"wp-page\" data-elementor-id=\"101\" class=\"elementor elementor-101\" data-elementor-post-type=\"page\">\n\t\t\t\t<div class=\"elementor-element elementor-element-1878addc e-flex e-con-boxed e-con e-parent\" data-id=\"1878addc\" data-element_type=\"container\" data-e-type=\"container\">\n\t\t\t\t\t<div class=\"e-con-inner\">\n\t\t\t\t<div class=\"elementor-element elementor-element-3d731a58 elementor-widget elementor-widget-text-editor\" data-id=\"3d731a58\" data-element_type=\"widget\" data-e-type=\"widget\" data-widget_type=\"text-editor.default\">\n\t\t\t\t<div class=\"elementor-widget-container\">\n\t\t\t\t\t\t\t\t\t<h3>L\u2019\u00c9DITEUR<\/h3>\n<p>Commune de Serra di Fium\u2019Orbu<br>\nAdresse : 20243 Serra-di-Fiumorbo<br>\nT\u00e9l. : 04 95 56 71 09<br>\nCourriel : mairieserra@wanadoo.fr<br>\nDirecteur de la publication : M. le Maire \u2013 Jean-No\u00ebl Profizi<br>\nR\u00e9daction, animation et gestion \u00e9ditoriale : Gilles Teuma<\/p>\n<h3>LA CONCEPTRICE<\/h3>\n<p>Conception graphique et technique :<br>\nFlora Ambrosini &#8211; <a href=\"https:\/\/www.kalli-graphic.com\/\" target=\"_blank\" rel=\"noopener\">Kalli Graphic<\/a><br>\n13, rue Jules Mondoloni &#8211; 20600 Bastia<\/p>\n<p>SIRET : 494 143 373 00012<br>\nGraphiste depuis 2007, <a href=\"https:\/\/www.kalli-graphic.com\/mes-services-graphisme-corse\/\" target=\"_blank\" rel=\"noopener\">Kalli Graphic<\/a> r\u00e9alise tous vos projets de communication : logo, identit\u00e9 visuelle, affiches, flyers, d\u00e9pliants, brochures, kak\u00e9monos, sites internet et formations.<\/p>\n<h3>L\u2019H\u00c9BERGEUR<\/h3>\n<p>Soci\u00e9t\u00e9 : SAS OVH<br>\nAdresse postale : 2 rue Kellermann \u2013 59100 Roubaix \u2013 France<br>\nRCS Lille M\u00e9tropole 424 761 419 00045<br>\nN\u00b0 TVA : FR 22 424 761 419<\/p>\n<h3>EXON\u00c9RATION DE LA RESPONSABILIT\u00c9 DU CONTENU DU SITE<\/h3>\n<p>Flora Ambrosini, en tant que cr\u00e9ateur du site Internet, ne peut garantir l\u2019exactitude, la pr\u00e9cision ou l\u2019exhaustivit\u00e9 des informations mises \u00e0 la disposition<br>\nsur ce site, qui sont sous la responsabilit\u00e9 du client final, propri\u00e9taire du nom de domaine et \u00e0 l\u2019origine des informations pr\u00e9sent\u00e9es sur ce site. En cons\u00e9quence, Flora Ambrosini d\u00e9cline toute responsabilit\u00e9 pour toute impr\u00e9cision, inexactitude ou omission portant sur des informations disponibles sur ce site. Les caract\u00e9ristiques techniques, descriptions, photographies et r\u00e9f\u00e9rences des produits contenues sur ce site sont sujettes \u00e0 modification sans pr\u00e9avis. Nous remercions les utilisateurs du site de nous faire part d\u2019\u00e9ventuelles omissions, erreurs ou corrections, en adressant un courriel \u00e0 mairieserra@wanadoo.fr en indiquant le nom de domaine concern\u00e9 et les erreurs constat\u00e9es.<\/p>\n<h3>\u00c9VOLUTION DU SITE<\/h3>\n<p>Les \u00e9l\u00e9ments pr\u00e9sent\u00e9s dans ce site sont susceptibles de modification sans pr\u00e9avis et sont mis \u00e0 disposition sans aucune garantie, expresse ou implicite, d\u2019aucune sorte et ne peuvent donner lieu \u00e0 un quelconque droit \u00e0 d\u00e9dommagement<\/p>\n<h3>EXONERATION DE LA RESPONSABILIT\u00c9 DU CONTENU DES SITES R\u00c9F\u00c9RENC\u00c9S<\/h3>\n<p>Les liens hypertextes mis en place dans le cadre du pr\u00e9sent site Internet en direction d\u2019autres ressources pr\u00e9sentes sur le r\u00e9seau Internet ne sont propos\u00e9s que pour des raisons de commodit\u00e9 et ni leur contenu ou les liens qu\u2019ils contiennent, ni les changements ou mises \u00e0 jour qui leur sont apport\u00e9s ne sauraient engager la responsabilit\u00e9 de Flora Ambrosini.<\/p>\n<h3>EXON\u00c9RATION DE LA RESPONSABILIT\u00c9 TECHNIQUE<\/h3>\n<p>Flora Ambrosini d\u00e9cline toute responsabilit\u00e9 en cas de difficult\u00e9 d\u2019acc\u00e8s \u00e0 son site ou d\u2019interruptions dans la connexion quelles qu\u2019en soient les causes. De plus, elle ne saurait \u00eatre tenu responsable d\u2019un dommage ou virus qui pourrait infecter votre ordinateur ou tout mat\u00e9riel informatique, suite \u00e0 une utilisation ou acc\u00e8s au site ou t\u00e9l\u00e9chargement provenant de ce site.<\/p>\n<h3>COLLECTE DE DONN\u00c9ES PERSONNELLES ET COOKIES<\/h3>\n<p>Nous vous rappelons que vous disposez d\u2019un droit d\u2019acc\u00e8s, de modification, de rectification et de suppression des donn\u00e9es qui vous concernent (art. 34 de la loi \u00ab Informatique et libert\u00e9s \u00bb du 6 janvier 1978). Pour exercer ce droit, vous devez envoyer un mail \u00e0 mairieserra@wanadoo.fr.<br>\nNous ne collectons l\u2019adresse e-mail des visiteurs uniquement si ces derniers nous la communiquent d\u00e9lib\u00e9r\u00e9ment.<br>\nLes donn\u00e9es de trafic et les \u00e9ventuels fichiers de cookies que nous installons sur votre ordinateur ont uniquement pour objectif de nous<br>\npermettre d\u2019analyser la fr\u00e9quentation des pages web de ce site afin d\u2019en am\u00e9liorer le contenu. Les donn\u00e9es relatives \u00e0 la navigation des visiteurs ne sont pas exploit\u00e9es nominativement. Il s\u2019agit de statistiques globales permettant de conna\u00eetre les pages plus ou moins populaires, les niveaux d\u2019activit\u00e9 par jour et par heure, les principales erreurs client ou serveur. Nous vous rappelons que vous disposez, dans votre logiciel de navigation, de la possibilit\u00e9 de bloquer l\u2019implantation de cookies sur votre ordinateur.<\/p>\n<h3><span style=\"color: var( --e-global-color-text ); font-family: var( --e-global-typography-text-font-family ), Sans-serif; font-size: 14px; font-weight: var( --e-global-typography-text-font-weight ); text-align: var(--text-align);\">PROPRI\u00c9T\u00c9 INTELLECTUELLE ET DROIT DE REPRODUCTION<\/span><\/h3>\n<p>L\u2019ensemble de ce site rel\u00e8ve de la l\u00e9gislation fran\u00e7aise et internationale sur le droit d\u2019auteur et la propri\u00e9t\u00e9 intellectuelle. Tous les droits de reproduction sont r\u00e9serv\u00e9s, y compris pour les documents t\u00e9l\u00e9chargeables et les repr\u00e9sentations iconographiques et photographiques.<\/p>\n<p>Toute repr\u00e9sentation et\/ou reproduction et\/ou exploitation partielle ou totale de ce site, par quelques proc\u00e9d\u00e9s que se soient, sans l\u2019autorisation expresse et pr\u00e9alable de Flora Ambrosini est interdite et constituerait une contrefa\u00e7on au sens des articles L 335-2 et suivants du code de la propri\u00e9t\u00e9 intellectuelle.<br>\nLe contenu de ce site (textes, images, photos, musiques, \u2026) a \u00e9t\u00e9 fourni par le client qui s\u2019est d\u00e9clar\u00e9 propri\u00e9taire de ces sources ou ayant les droits pour assurer leur diffusion sur ce site. Le client, en tant qu\u2019\u00e9diteur du site, est responsable de son contenu soit parce qu\u2019il a fourni ce contenu lors de la cr\u00e9ation du site dans le cas d\u2019un site statique, soit parce qu\u2019il alimente r\u00e9guli\u00e8rement la base de donn\u00e9es sur laquelle repose ce site dans le cas d\u2019un site dynamique. En aucun cas Flora Ambrosini ne pourra \u00eatre qualifi\u00e9 d\u2019\u00e9diteur de ce site. Les liens hypertextes mis en \u0153uvre au sein du site en direction d\u2019autres sites et\/ou de pages personnelles et d\u2019une mani\u00e8re g\u00e9n\u00e9rale vers toutes ressources existantes sur internet ne sauraient engager la responsabilit\u00e9 de Flora Ambrosini. La capture d\u2019informations nominatives pour enrichir des bases de donn\u00e9es, par exemple \u00e0 des fins commerciales ou publicitaires, est interdite.<\/p>\n<h3>LIENS VERS CE SITE INTERNET<\/h3>\n<p>Vous avez la facult\u00e9, sans autorisation pr\u00e9alable, de faire, depuis un autre site, un lien vers le site que vous visitez actuellement. Toutefois, Flora Ambrosini n\u2019autorise pas l\u2019utilisation de \u00ab cadres \u00bb (ou \u00ab frames \u00bb) qui laissent supposer aux internautes qu\u2019ils consultent un autre site que celui-ci.<\/p>\t\t\t\t\t\t\t\t<\/div>\n\t\t\t\t<\/div>\n\t\t\t\t\t<\/div>\n\t\t\t\t<\/div>\n\t\t\t\t<\/div>","protected":false},"excerpt":{"rendered":"<p>L\u2019\u00c9DITEUR Commune de Serra di Fium\u2019Orbu Adresse : 20243 Serra-di-Fiumorbo T\u00e9l. : 04 95 56 71 09 Courriel : mairieserra@wanadoo.fr Directeur de la publication : M. le Maire \u2013 Jean-No\u00ebl Profizi R\u00e9daction, animation et gestion \u00e9ditoriale : Gilles Teuma LA CONCEPTRICE Conception graphique et technique : Flora Ambrosini &#8211; Kalli Graphic 13, rue Jules Mondoloni [&hellip;]<\/p>\n","protected":false},"author":1,"featured_media":0,"parent":0,"menu_order":0,"comment_status":"closed","ping_status":"closed","template":"","meta":{"_et_pb_use_builder":"","_et_pb_old_content":"","_et_gb_content_width":"","footnotes":""},"class_list":["post-101","page","type-page","status-publish","hentry"],"_links":{"self":[{"href":"https:\/\/serradifiumorbu.corsica\/co\/wp-json\/wp\/v2\/pages\/101","targetHints":{"allow":["GET"]}}],"collection":[{"href":"https:\/\/serradifiumorbu.corsica\/co\/wp-json\/wp\/v2\/pages"}],"about":[{"href":"https:\/\/serradifiumorbu.corsica\/co\/wp-json\/wp\/v2\/types\/page"}],"author":[{"embeddable":true,"href":"https:\/\/serradifiumorbu.corsica\/co\/wp-json\/wp\/v2\/users\/1"}],"replies":[{"embeddable":true,"href":"https:\/\/serradifiumorbu.corsica\/co\/wp-json\/wp\/v2\/comments?post=101"}],"version-history":[{"count":7,"href":"https:\/\/serradifiumorbu.corsica\/co\/wp-json\/wp\/v2\/pages\/101\/revisions"}],"predecessor-version":[{"id":483,"href":"https:\/\/serradifiumorbu.corsica\/co\/wp-json\/wp\/v2\/pages\/101\/revisions\/483"}],"wp:attachment":[{"href":"https:\/\/serradifiumorbu.corsica\/co\/wp-json\/wp\/v2\/media?parent=101"}],"curies":[{"name":"wp","href":"https:\/\/api.w.org\/{rel}","templated":true}]}}

<div data-elementor-type="wp-page" data-elementor-id="101" class="elementor elementor-101" data-elementor-post-type="page">
				<div class="elementor-element elementor-element-1878addc e-flex e-con-boxed e-con e-parent" data-id="1878addc" data-element_type="container" data-e-type="container">
					<div class="e-con-inner">
				<div class="elementor-element elementor-element-3d731a58 elementor-widget elementor-widget-text-editor" data-id="3d731a58" data-element_type="widget" data-e-type="widget" data-widget_type="text-editor.default">
				<div class="elementor-widget-container">
									<h3>L’ÉDITEUR</h3>
<p>Commune de Serra di Fium’Orbu<br>
Adresse : 20243 Serra-di-Fiumorbo<br>
Tél. : 04 95 56 71 09<br>
Courriel : mairieserra@wanadoo.fr<br>
Directeur de la publication : M. le Maire – Jean-Noël Profizi<br>
Rédaction, animation et gestion éditoriale : Gilles Teuma</p>
<h3>LA CONCEPTRICE</h3>
<p>Conception graphique et technique :<br>
Flora Ambrosini &#8211; <a href="https://www.kalli-graphic.com/" target="_blank" rel="noopener">Kalli Graphic</a><br>
13, rue Jules Mondoloni &#8211; 20600 Bastia</p>
<p>SIRET : 494 143 373 00012<br>
Graphiste depuis 2007, <a href="https://www.kalli-graphic.com/mes-services-graphisme-corse/" target="_blank" rel="noopener">Kalli Graphic</a> réalise tous vos projets de communication : logo, identité visuelle, affiches, flyers, dépliants, brochures, kakémonos, sites internet et formations.</p>
<h3>L’HÉBERGEUR</h3>
<p>Société : SAS OVH<br>
Adresse postale : 2 rue Kellermann – 59100 Roubaix – France<br>
RCS Lille Métropole 424 761 419 00045<br>
N° TVA : FR 22 424 761 419</p>
<h3>EXONÉRATION DE LA RESPONSABILITÉ DU CONTENU DU SITE</h3>
<p>Flora Ambrosini, en tant que créateur du site Internet, ne peut garantir l’exactitude, la précision ou l’exhaustivité des informations mises à la disposition<br>
sur ce site, qui sont sous la responsabilité du client final, propriétaire du nom de domaine et à l’origine des informations présentées sur ce site. En conséquence, Flora Ambrosini décline toute responsabilité pour toute imprécision, inexactitude ou omission portant sur des informations disponibles sur ce site. Les caractéristiques techniques, descriptions, photographies et références des produits contenues sur ce site sont sujettes à modification sans préavis. Nous remercions les utilisateurs du site de nous faire part d’éventuelles omissions, erreurs ou corrections, en adressant un courriel à mairieserra@wanadoo.fr en indiquant le nom de domaine concerné et les erreurs constatées.</p>
<h3>ÉVOLUTION DU SITE</h3>
<p>Les éléments présentés dans ce site sont susceptibles de modification sans préavis et sont mis à disposition sans aucune garantie, expresse ou implicite, d’aucune sorte et ne peuvent donner lieu à un quelconque droit à dédommagement</p>
<h3>EXONERATION DE LA RESPONSABILITÉ DU CONTENU DES SITES RÉFÉRENCÉS</h3>
<p>Les liens hypertextes mis en place dans le cadre du présent site Internet en direction d’autres ressources présentes sur le réseau Internet ne sont proposés que pour des raisons de commodité et ni leur contenu ou les liens qu’ils contiennent, ni les changements ou mises à jour qui leur sont apportés ne sauraient engager la responsabilité de Flora Ambrosini.</p>
<h3>EXONÉRATION DE LA RESPONSABILITÉ TECHNIQUE</h3>
<p>Flora Ambrosini décline toute responsabilité en cas de difficulté d’accès à son site ou d’interruptions dans la connexion quelles qu’en soient les causes. De plus, elle ne saurait être tenu responsable d’un dommage ou virus qui pourrait infecter votre ordinateur ou tout matériel informatique, suite à une utilisation ou accès au site ou téléchargement provenant de ce site.</p>
<h3>COLLECTE DE DONNÉES PERSONNELLES ET COOKIES</h3>
<p>Nous vous rappelons que vous disposez d’un droit d’accès, de modification, de rectification et de suppression des données qui vous concernent (art. 34 de la loi « Informatique et libertés » du 6 janvier 1978). Pour exercer ce droit, vous devez envoyer un mail à mairieserra@wanadoo.fr.<br>
Nous ne collectons l’adresse e-mail des visiteurs uniquement si ces derniers nous la communiquent délibérément.<br>
Les données de trafic et les éventuels fichiers de cookies que nous installons sur votre ordinateur ont uniquement pour objectif de nous<br>
permettre d’analyser la fréquentation des pages web de ce site afin d’en améliorer le contenu. Les données relatives à la navigation des visiteurs ne sont pas exploitées nominativement. Il s’agit de statistiques globales permettant de connaître les pages plus ou moins populaires, les niveaux d’activité par jour et par heure, les principales erreurs client ou serveur. Nous vous rappelons que vous disposez, dans votre logiciel de navigation, de la possibilité de bloquer l’implantation de cookies sur votre ordinateur.</p>
<h3><span style="color: var( --e-global-color-text ); font-family: var( --e-global-typography-text-font-family ), Sans-serif; font-size: 14px; font-weight: var( --e-global-typography-text-font-weight ); text-align: var(--text-align);">PROPRIÉTÉ INTELLECTUELLE ET DROIT DE REPRODUCTION</span></h3>
<p>L’ensemble de ce site relève de la législation française et internationale sur le droit d’auteur et la propriété intellectuelle. Tous les droits de reproduction sont réservés, y compris pour les documents téléchargeables et les représentations iconographiques et photographiques.</p>
<p>Toute représentation et/ou reproduction et/ou exploitation partielle ou totale de ce site, par quelques procédés que se soient, sans l’autorisation expresse et préalable de Flora Ambrosini est interdite et constituerait une contrefaçon au sens des articles L 335-2 et suivants du code de la propriété intellectuelle.<br>
Le contenu de ce site (textes, images, photos, musiques, …) a été fourni par le client qui s’est déclaré propriétaire de ces sources ou ayant les droits pour assurer leur diffusion sur ce site. Le client, en tant qu’éditeur du site, est responsable de son contenu soit parce qu’il a fourni ce contenu lors de la création du site dans le cas d’un site statique, soit parce qu’il alimente régulièrement la base de données sur laquelle repose ce site dans le cas d’un site dynamique. En aucun cas Flora Ambrosini ne pourra être qualifié d’éditeur de ce site. Les liens hypertextes mis en œuvre au sein du site en direction d’autres sites et/ou de pages personnelles et d’une manière générale vers toutes ressources existantes sur internet ne sauraient engager la responsabilité de Flora Ambrosini. La capture d’informations nominatives pour enrichir des bases de données, par exemple à des fins commerciales ou publicitaires, est interdite.</p>
<h3>LIENS VERS CE SITE INTERNET</h3>
<p>Vous avez la faculté, sans autorisation préalable, de faire, depuis un autre site, un lien vers le site que vous visitez actuellement. Toutefois, Flora Ambrosini n’autorise pas l’utilisation de « cadres » (ou « frames ») qui laissent supposer aux internautes qu’ils consultent un autre site que celui-ci.</p>								</div>
				</div>
					</div>
				</div>
				</div>

<p>L’ÉDITEUR Commune de Serra di Fium’Orbu Adresse : 20243 Serra-di-Fiumorbo Tél. : 04 95 56 71 09 Courriel : mairieserra@wanadoo.fr Directeur de la publication : M. le Maire – Jean-Noël Profizi Rédaction, animation et gestion éditoriale : Gilles Teuma LA CONCEPTRICE Conception graphique et technique : Flora Ambrosini &#8211; Kalli Graphic 13, rue Jules Mondoloni [&hellip;]</p>
